{"id":2379,"date":"2025-11-21T17:39:16","date_gmt":"2025-11-21T16:39:16","guid":{"rendered":"http:\/\/riccardowebdesign.it\/OPHELIA\/prodotto\/anello-4\/"},"modified":"2025-12-15T20:10:21","modified_gmt":"2025-12-15T19:10:21","slug":"anello-4","status":"publish","type":"product","link":"http:\/\/riccardowebdesign.it\/OPHELIA\/prodotto\/anello-4\/","title":{"rendered":"Anello in agata Botswana | filo dorato intrecciato"},"content":{"rendered":"<article class=\"text-token-text-primary w-full focus:outline-none [--shadow-height:45px] has-data-writing-block:pointer-events-none has-data-writing-block:-mt-(--shadow-height) has-data-writing-block:pt-(--shadow-height) [&amp;:has([data-writing-block])&gt;*]:pointer-events-auto [content-visibility:auto] supports-[content-visibility:auto]:[contain-intrinsic-size:auto_100lvh] scroll-mt-[calc(var(--header-height)+min(200px,max(70px,20svh)))]\" dir=\"auto\" tabindex=\"-1\" data-turn-id=\"ef4407c6-4395-4f0b-891c-bb437d1fd9ec\" data-testid=\"conversation-turn-14\" data-scroll-anchor=\"true\" data-turn=\"assistant\">\n<div class=\"text-base my-auto mx-auto pb-10 [--thread-content-margin:--spacing(4)] thread-sm:[--thread-content-margin:--spacing(6)] thread-lg:[--thread-content-margin:--spacing(16)] px-(--thread-content-margin)\">\n<div class=\"[--thread-content-max-width:40rem] thread-lg:[--thread-content-max-width:48rem] mx-auto max-w-(--thread-content-max-width) flex-1 group\/turn-messages focus-visible:outline-hidden relative flex w-full min-w-0 flex-col agent-turn\" tabindex=\"-1\">\n<div class=\"flex max-w-full flex-col grow\">\n<div class=\"min-h-8 text-message relative flex w-full flex-col items-end gap-2 text-start break-words whitespace-normal [.text-message+&amp;]:mt-1\" dir=\"auto\" data-message-author-role=\"assistant\" data-message-id=\"32a0d806-e46f-4284-9516-0d020be2a73b\" data-message-model-slug=\"gpt-5-1-thinking\">\n<div class=\"flex w-full flex-col gap-1 empty:hidden first:pt-[1px]\">\n<div class=\"markdown prose dark:prose-invert w-full break-words dark markdown-new-styling\">\n<p data-start=\"319\" data-end=\"600\">In questo anello il filo color oro si intreccia attorno all\u2019agata Botswana creando una cornice morbida e avvolgente. La pietra, con le sue sfumature chiare e le leggere bande interne, ricorda strati di nuvole sovrapposte: discreta, raffinata, mai eccessiva.<\/p>\n<p data-start=\"602\" data-end=\"897\">L\u2019agata Botswana \u00e8 associata alla capacit\u00e0 di portare ordine dove c\u2019\u00e8 confusione, di accompagnare i cambiamenti con pi\u00f9 lucidit\u00e0 e meno ansia. \u00c8 una pietra legata alla stabilit\u00e0 emotiva: non spegne le emozioni, ma le rende pi\u00f9 gestibili, come se smussasse gli spigoli delle giornate pi\u00f9 pesanti.<\/p>\n<p data-start=\"899\" data-end=\"1131\">Il design semplice ma movimentato dell\u2019intreccio mette la pietra al centro, lasciandola dialogare con la luce e con il tuo modo di muovere le mani. \u00c8 un anello pensato per essere indossato davvero, non solo nelle occasioni speciali.<\/p>\n<hr data-start=\"1133\" data-end=\"1136\" \/>\n<ul data-start=\"1162\" data-end=\"1929\">\n<li data-start=\"1162\" data-end=\"1217\">\n<p data-start=\"1164\" data-end=\"1217\"><strong data-start=\"1164\" data-end=\"1174\">Pietra<\/strong>: agata Botswana naturale, taglio sferico<\/p>\n<\/li>\n<li data-start=\"1218\" data-end=\"1300\">\n<p data-start=\"1220\" data-end=\"1300\"><strong data-start=\"1220\" data-end=\"1237\">Colore pietra<\/strong>: toni crema, beige e grigio chiaro con leggere bande interne<\/p>\n<\/li>\n<li data-start=\"1301\" data-end=\"1384\">\n<p data-start=\"1303\" data-end=\"1384\"><strong data-start=\"1303\" data-end=\"1314\">Metallo<\/strong>: filo di rame color oro, modellato e intrecciato interamente a mano<\/p>\n<\/li>\n<li data-start=\"1385\" data-end=\"1474\">\n<p data-start=\"1387\" data-end=\"1474\"><strong data-start=\"1387\" data-end=\"1398\">Tecnica<\/strong>: wire wrapping artigianale, ogni pezzo presenta piccole variazioni uniche<\/p>\n<\/li>\n<li data-start=\"1475\" data-end=\"1555\">\n<p data-start=\"1477\" data-end=\"1555\"><strong data-start=\"1477\" data-end=\"1487\">Misura<\/strong>: 16<\/p>\n<\/li>\n<li data-start=\"1556\" data-end=\"1626\">\n<p data-start=\"1558\" data-end=\"1626\"><strong data-start=\"1558\" data-end=\"1570\">Finitura<\/strong>: struttura compatta ma leggera, confortevole sul dito<\/p>\n<\/li>\n<li data-start=\"1627\" data-end=\"1713\">\n<p data-start=\"1629\" data-end=\"1713\"><strong data-start=\"1629\" data-end=\"1638\">Stile<\/strong>: design essenziale con intreccio avvolgente, ideale per l\u2019uso quotidiano<\/p>\n<\/li>\n<li data-start=\"1714\" data-end=\"1851\">\n<p data-start=\"1716\" data-end=\"1851\"><strong data-start=\"1716\" data-end=\"1724\">Cura<\/strong>: evitare contatto prolungato con acqua, profumi, creme e prodotti chimici; riporre in un luogo asciutto quando non indossato<\/p>\n<\/li>\n<li data-start=\"1852\" data-end=\"1929\">\n<p data-start=\"1854\" data-end=\"1929\"><strong data-start=\"1854\" data-end=\"1869\">Nichel free<\/strong>: pensato per essere il pi\u00f9 possibile delicato sulla pelle<\/p>\n<\/li>\n<\/ul>\n<hr data-start=\"1931\" data-end=\"1934\" \/>\n<p data-start=\"1936\" data-end=\"2218\" data-is-last-node=\"\" data-is-only-node=\"\"><br data-start=\"1970\" data-end=\"1973\" \/>Perfetto per chi vive periodi intensi o di passaggio e desidera un gioiello che trasmetta ordine e calma. \u00c8 pensato per chi ama colori neutri e outfit minimal, ma vuole un dettaglio che racconti qualcosa di pi\u00f9 personale senza risultare vistoso.<\/p>\n<\/div>\n<\/div>\n<\/div>\n<\/div>\n<div class=\"z-0 flex min-h-[46px] justify-start\"><\/div>\n<div class=\"mt-3 w-full empty:hidden\">\n<div class=\"text-center\"><\/div>\n<\/div>\n<\/div>\n<\/div>\n<\/article>\n<div class=\"pointer-events-none h-px w-px\" aria-hidden=\"true\" data-edge=\"true\"><\/div>\n","protected":false},"excerpt":{"rendered":"<p data-start=\"76\" data-end=\"312\">Un anello luminoso in filo oro che avvolge una sfera di agata Botswana dai toni crema e grigio morbido. Un piccolo talismano elegante, perfetto per chi cerca calma, centratura e uno stile essenziale ma ricercato.<\/p>\n","protected":false},"featured_media":2405,"comment_status":"open","ping_status":"closed","template":"","meta":[],"product_brand":[26],"product_cat":[22],"product_tag":[],"class_list":{"0":"post-2379","1":"product","2":"type-product","3":"status-publish","4":"has-post-thumbnail","6":"product_brand-ophelias-gioielli","7":"product_cat-anelli","9":"first","10":"instock","11":"purchasable","12":"product-type-simple"},"aioseo_notices":[],"wcpa_form_fields":null,"_links":{"self":[{"href":"http:\/\/riccardowebdesign.it\/OPHELIA\/wp-json\/wp\/v2\/product\/2379","targetHints":{"allow":["GET"]}}],"collection":[{"href":"http:\/\/riccardowebdesign.it\/OPHELIA\/wp-json\/wp\/v2\/product"}],"about":[{"href":"http:\/\/riccardowebdesign.it\/OPHELIA\/wp-json\/wp\/v2\/types\/product"}],"replies":[{"embeddable":true,"href":"http:\/\/riccardowebdesign.it\/OPHELIA\/wp-json\/wp\/v2\/comments?post=2379"}],"wp:featuredmedia":[{"embeddable":true,"href":"http:\/\/riccardowebdesign.it\/OPHELIA\/wp-json\/wp\/v2\/media\/2405"}],"wp:attachment":[{"href":"http:\/\/riccardowebdesign.it\/OPHELIA\/wp-json\/wp\/v2\/media?parent=2379"}],"wp:term":[{"taxonomy":"product_brand","embeddable":true,"href":"http:\/\/riccardowebdesign.it\/OPHELIA\/wp-json\/wp\/v2\/product_brand?post=2379"},{"taxonomy":"product_cat","embeddable":true,"href":"http:\/\/riccardowebdesign.it\/OPHELIA\/wp-json\/wp\/v2\/product_cat?post=2379"},{"taxonomy":"product_tag","embeddable":true,"href":"http:\/\/riccardowebdesign.it\/OPHELIA\/wp-json\/wp\/v2\/product_tag?post=2379"}],"curies":[{"name":"wp","href":"https:\/\/api.w.org\/{rel}","templated":true}]}}