{"id":2499,"date":"2025-11-22T19:47:44","date_gmt":"2025-11-22T18:47:44","guid":{"rendered":"http:\/\/riccardowebdesign.it\/OPHELIA\/prodotto\/anello-24\/"},"modified":"2025-12-15T19:59:37","modified_gmt":"2025-12-15T18:59:37","slug":"anello-24","status":"publish","type":"product","link":"http:\/\/riccardowebdesign.it\/OPHELIA\/prodotto\/anello-24\/","title":{"rendered":"Anello in corniola"},"content":{"rendered":"<div class=\"relative basis-auto flex-col -mb-(--composer-overlap-px) [--composer-overlap-px:28px] grow flex overflow-hidden\">\n<div class=\"relative h-full\">\n<div class=\"flex h-full flex-col overflow-y-auto thread-xl:pt-(--header-height) [scrollbar-gutter:stable_both-edges]\">\n<div class=\"flex flex-col text-sm thread-xl:pt-header-height pb-25\">\n<article class=\"text-token-text-primary w-full focus:outline-none [--shadow-height:45px] has-data-writing-block:pointer-events-none has-data-writing-block:-mt-(--shadow-height) has-data-writing-block:pt-(--shadow-height) [&amp;:has([data-writing-block])&gt;*]:pointer-events-auto [content-visibility:auto] supports-[content-visibility:auto]:[contain-intrinsic-size:auto_100lvh] scroll-mt-[calc(var(--header-height)+min(200px,max(70px,20svh)))]\" dir=\"auto\" tabindex=\"-1\" data-turn-id=\"b6df8da1-9c57-4457-90f2-f461c6de0e57\" data-testid=\"conversation-turn-54\" data-scroll-anchor=\"true\" data-turn=\"assistant\">\n<div class=\"text-base my-auto mx-auto pb-10 [--thread-content-margin:--spacing(4)] thread-sm:[--thread-content-margin:--spacing(6)] thread-lg:[--thread-content-margin:--spacing(16)] px-(--thread-content-margin)\">\n<div class=\"[--thread-content-max-width:40rem] thread-lg:[--thread-content-max-width:48rem] mx-auto max-w-(--thread-content-max-width) flex-1 group\/turn-messages focus-visible:outline-hidden relative flex w-full min-w-0 flex-col agent-turn\" tabindex=\"-1\">\n<div class=\"flex max-w-full flex-col grow\">\n<div class=\"min-h-8 text-message relative flex w-full flex-col items-end gap-2 text-start break-words whitespace-normal [.text-message+&amp;]:mt-1\" dir=\"auto\" data-message-author-role=\"assistant\" data-message-id=\"ef6dee40-99e5-4152-9587-4a043706b9f7\" data-message-model-slug=\"gpt-5-1-thinking\">\n<div class=\"flex w-full flex-col gap-1 empty:hidden first:pt-[1px]\">\n<div class=\"markdown prose dark:prose-invert w-full break-words dark markdown-new-styling\">\n<p data-start=\"293\" data-end=\"630\">Questo anello nasce da pi\u00f9 fili color argento che si intrecciano attorno alla corniola formando una piccola struttura a \u201cocchio\u201d, con curve morbide che proseguono lungo il gambo. La pietra, liscia e lucida, ha un rosso aranciato intenso che si accende alla luce e crea un contrasto elegante con il metallo chiaro.<\/p>\n<p data-start=\"632\" data-end=\"1046\">La corniola \u00e8 tradizionalmente associata alla vitalit\u00e0, alla motivazione e al coraggio di portare avanti ci\u00f2 che si \u00e8 iniziato. \u00c8 una pietra che richiama il calore e la concretezza: niente grandi promesse astratte, ma una spinta a fare il prossimo passo, uno alla volta. Il design pulito dell\u2019anello lascia che sia lei la vera protagonista, trasformando un punto di colore in un piccolo centro di gravit\u00e0 sul dito.<\/p>\n<p data-start=\"1048\" data-end=\"1208\">Indossato, questo anello rimane leggero e comodo, ma non passa inosservato da vicino: \u00e8 quel tipo di dettaglio che chi ti guarda noter\u00e0 quando avvicini le mani.<\/p>\n<hr data-start=\"1210\" data-end=\"1213\" \/>\n<ul data-start=\"1239\" data-end=\"2145\">\n<li data-start=\"1239\" data-end=\"1297\">\n<p data-start=\"1241\" data-end=\"1297\"><strong data-start=\"1241\" data-end=\"1251\">Pietra<\/strong>: corniola naturale, taglio cabochon sferico<\/p>\n<\/li>\n<li data-start=\"1298\" data-end=\"1372\">\n<p data-start=\"1300\" data-end=\"1372\"><strong data-start=\"1300\" data-end=\"1317\">Colore pietra<\/strong>: rosso\/arancio caldo, con profonde sfumature interne<\/p>\n<\/li>\n<li data-start=\"1373\" data-end=\"1460\">\n<p data-start=\"1375\" data-end=\"1460\"><strong data-start=\"1375\" data-end=\"1386\">Metallo<\/strong>: filo di rame color argento, modellato e intrecciato interamente a mano<\/p>\n<\/li>\n<li data-start=\"1461\" data-end=\"1555\">\n<p data-start=\"1463\" data-end=\"1555\"><strong data-start=\"1463\" data-end=\"1473\">Design<\/strong>: montatura intrecciata a piccola forma di \u201cocchio\u201d con curve laterali sul gambo<\/p>\n<\/li>\n<li data-start=\"1556\" data-end=\"1646\">\n<p data-start=\"1558\" data-end=\"1646\"><strong data-start=\"1558\" data-end=\"1569\">Tecnica<\/strong>: wire wrapping artigianale, ogni anello presenta leggere variazioni uniche<\/p>\n<\/li>\n<li data-start=\"1647\" data-end=\"1745\">\n<p data-start=\"1649\" data-end=\"1745\"><strong data-start=\"1649\" data-end=\"1659\">Misura<\/strong>:<\/p>\n<\/li>\n<li data-start=\"1746\" data-end=\"1837\">\n<p data-start=\"1748\" data-end=\"1837\"><strong data-start=\"1748\" data-end=\"1760\">Finitura<\/strong>: struttura leggera e confortevole, superficie liscia senza bordi taglienti<\/p>\n<\/li>\n<li data-start=\"1838\" data-end=\"1932\">\n<p data-start=\"1840\" data-end=\"1932\"><strong data-start=\"1840\" data-end=\"1849\">Stile<\/strong>: essenziale, con punto luce caldo ideale su outfit neutri, neri, marroni e terra<\/p>\n<\/li>\n<li data-start=\"1933\" data-end=\"2067\">\n<p data-start=\"1935\" data-end=\"2067\"><strong data-start=\"1935\" data-end=\"1943\">Cura<\/strong>: evitare contatto prolungato con acqua, profumi, creme e prodotti chimici; riporre in luogo asciutto quando non indossato<\/p>\n<\/li>\n<li data-start=\"2068\" data-end=\"2145\">\n<p data-start=\"2070\" data-end=\"2145\"><strong data-start=\"2070\" data-end=\"2085\">Nichel free<\/strong>: pensato per essere il pi\u00f9 possibile delicato sulla pelle<\/p>\n<\/li>\n<\/ul>\n<hr data-start=\"2147\" data-end=\"2150\" \/>\n<p data-start=\"2152\" data-end=\"2473\" data-is-last-node=\"\" data-is-only-node=\"\"><br data-start=\"2186\" data-end=\"2189\" \/>Perfetto per chi sta dando forma a progetti, cambi di direzione o nuove abitudini e sente il bisogno di una piccola spinta in pi\u00f9. \u00c8 ideale per chi ama i toni caldi, i dettagli compatti e vuole un anello quotidiano che trasmetta energia e determinazione senza risultare mai eccessivo.<\/p>\n<\/div>\n<\/div>\n<\/div>\n<\/div>\n<div class=\"z-0 flex min-h-[46px] justify-start\"><\/div>\n<div class=\"mt-3 w-full empty:hidden\">\n<div class=\"text-center\"><\/div>\n<\/div>\n<\/div>\n<\/div>\n<\/article>\n<div class=\"pointer-events-none h-px w-px\" aria-hidden=\"true\" data-edge=\"true\"><\/div>\n<div><\/div>\n<\/div>\n<\/div>\n<\/div>\n<\/div>\n<div id=\"thread-bottom-container\" class=\"group\/thread-bottom-container relative isolate z-10 w-full basis-auto has-data-has-thread-error:pt-2 has-data-has-thread-error:[box-shadow:var(--sharp-edge-bottom-shadow)] md:border-transparent md:pt-0 dark:border-white\/20 md:dark:border-transparent print:hidden content-fade single-line\">\n<div class=\"text-base mx-auto [--thread-content-margin:--spacing(4)] thread-sm:[--thread-content-margin:--spacing(6)] thread-lg:[--thread-content-margin:--spacing(16)] px-(--thread-content-margin)\">\n<div class=\"[--thread-content-max-width:40rem] thread-lg:[--thread-content-max-width:48rem] mx-auto max-w-(--thread-content-max-width) flex-1\">\n<div class=\"flex justify-center empty:hidden\"><\/div>\n<div class=\"pointer-events-auto relative z-1 flex h-[var(--composer-container-height,100%)] max-w-full flex-[var(--composer-container-flex,1)] flex-col\">\n<p><button class=\"invisible absolute self-center\" tabindex=\"-1\" name=\"context-connector-pasted-link-popover-trigger\" type=\"button\" aria-hidden=\"true\" aria-haspopup=\"dialog\" aria-expanded=\"false\" aria-controls=\"radix-_r_21v_\" data-state=\"closed\"><\/button><\/p>\n<div class=\"absolute start-0 end-0 bottom-full z-20\"><\/div>\n<form class=\"group\/composer w-full\" data-expanded=\"\" data-type=\"unified-composer\">\n<div class=\"hidden\"><input tabindex=\"-1\" multiple=\"multiple\" type=\"file\" \/><\/div>\n<div class=\"\">\n<div class=\"bg-token-bg-primary cursor-text overflow-clip bg-clip-padding p-2.5 contain-inline-size dark:bg-[#303030] grid grid-cols-[auto_1fr_auto] [grid-template-areas:'header_header_header'_'leading_primary_trailing'_'._footer_.'] group-data-expanded\/composer:[grid-template-areas:'header_header_header'_'primary_primary_primary'_'leading_footer_trailing'] shadow-short\">\n<div class=\"-my-2.5 flex min-h-14 items-center overflow-x-hidden px-1.5 [grid-area:primary] group-data-expanded\/composer:mb-0 group-data-expanded\/composer:px-2.5\">\n<div class=\"_prosemirror-parent_1dsxi_2 text-token-text-primary max-h-[max(30svh,5rem)] max-h-52 flex-1 overflow-auto [scrollbar-width:thin] default-browser vertical-scroll-fade-mask\">\n<p><textarea class=\"_fallbackTextarea_1dsxi_2\" name=\"prompt-textarea\" placeholder=\"Ask anything\" data-virtualkeyboard=\"true\"><\/textarea><\/p>\n<div id=\"prompt-textarea\" class=\"ProseMirror\" contenteditable=\"true\" translate=\"no\" data-virtualkeyboard=\"true\"><\/div>\n<\/div>\n<\/div>\n<div class=\"[grid-area:leading]\"><\/div>\n<div class=\"-m-1 max-w-full overflow-x-auto p-1 [grid-area:footer] [scrollbar-width:none]\" data-testid=\"composer-footer-actions\">\n<div class=\"flex min-w-fit items-center cant-hover:px-1.5 cant-hover:gap-1.5\">\n<div>\n<div class=\"__composer-pill-composite group relative\">\n<p>&nbsp;<\/p>\n<div class=\"__composer-pill-icon\"><\/div>\n<p><button id=\"radix-_r_223_\" class=\"__composer-pill group\/pill\" type=\"button\" aria-haspopup=\"menu\" aria-expanded=\"false\" data-state=\"closed\"><span class=\"max-w-40 truncate [[data-collapse-labels]_&amp;]:sr-only\">Thinking<\/span><\/button><\/p>\n<\/div>\n<\/div>\n<\/div>\n<\/div>\n<div class=\"flex items-center gap-2 [grid-area:trailing]\">\n<div class=\"ms-auto flex items-center gap-1.5\">\n<p>&nbsp;<\/p>\n<div class=\"min-w-9\" data-testid=\"composer-speech-button-container\">\n<div>\n<div class=\"flex items-center justify-center\"><\/div>\n<\/div>\n<\/div>\n<\/div>\n<\/div>\n<\/div>\n<\/div>\n<\/form>\n<\/div>\n<p><input id=\"upload-photos\" class=\"sr-only\" tabindex=\"-1\" accept=\"image\/*\" multiple=\"multiple\" type=\"file\" aria-hidden=\"true\" \/><input id=\"upload-camera\" class=\"sr-only\" tabindex=\"-1\" accept=\"image\/*\" multiple=\"multiple\" type=\"file\" aria-hidden=\"true\" \/><\/p>\n<\/div>\n<\/div>\n<div class=\"text-token-text-secondary relative mt-auto flex min-h-8 w-full items-center justify-center p-2 text-center text-xs [view-transition-name:var(--vt-disclaimer)] md:px-[60px]\">\n<div class=\"pointer-events-auto\">ChatGPT can make mistakes. Check important info. See <a class=\"text-token-text-primary decoration-token-text-primary cursor-pointer underline\">Cookie Preferences<\/a>.<\/div>\n<\/div>\n<\/div>\n","protected":false},"excerpt":{"rendered":"<p data-start=\"75\" data-end=\"286\">Un anello in filo color argento che abbraccia una sfera di corniola dal rosso profondo. Un dettaglio essenziale ma deciso, perfetto per chi vuole un tocco di energia calda sempre al dito.<\/p>\n","protected":false},"featured_media":2503,"comment_status":"open","ping_status":"closed","template":"","meta":[],"product_brand":[26],"product_cat":[22],"product_tag":[],"class_list":{"0":"post-2499","1":"product","2":"type-product","3":"status-publish","4":"has-post-thumbnail","6":"product_brand-ophelias-gioielli","7":"product_cat-anelli","9":"first","10":"outofstock","11":"purchasable","12":"product-type-simple"},"aioseo_notices":[],"wcpa_form_fields":null,"_links":{"self":[{"href":"http:\/\/riccardowebdesign.it\/OPHELIA\/wp-json\/wp\/v2\/product\/2499","targetHints":{"allow":["GET"]}}],"collection":[{"href":"http:\/\/riccardowebdesign.it\/OPHELIA\/wp-json\/wp\/v2\/product"}],"about":[{"href":"http:\/\/riccardowebdesign.it\/OPHELIA\/wp-json\/wp\/v2\/types\/product"}],"replies":[{"embeddable":true,"href":"http:\/\/riccardowebdesign.it\/OPHELIA\/wp-json\/wp\/v2\/comments?post=2499"}],"wp:featuredmedia":[{"embeddable":true,"href":"http:\/\/riccardowebdesign.it\/OPHELIA\/wp-json\/wp\/v2\/media\/2503"}],"wp:attachment":[{"href":"http:\/\/riccardowebdesign.it\/OPHELIA\/wp-json\/wp\/v2\/media?parent=2499"}],"wp:term":[{"taxonomy":"product_brand","embeddable":true,"href":"http:\/\/riccardowebdesign.it\/OPHELIA\/wp-json\/wp\/v2\/product_brand?post=2499"},{"taxonomy":"product_cat","embeddable":true,"href":"http:\/\/riccardowebdesign.it\/OPHELIA\/wp-json\/wp\/v2\/product_cat?post=2499"},{"taxonomy":"product_tag","embeddable":true,"href":"http:\/\/riccardowebdesign.it\/OPHELIA\/wp-json\/wp\/v2\/product_tag?post=2499"}],"curies":[{"name":"wp","href":"https:\/\/api.w.org\/{rel}","templated":true}]}}