{"id":2790,"date":"2025-11-27T12:45:34","date_gmt":"2025-11-27T11:45:34","guid":{"rendered":"http:\/\/riccardowebdesign.it\/OPHELIA\/prodotto\/anello-27\/"},"modified":"2025-12-15T19:53:07","modified_gmt":"2025-12-15T18:53:07","slug":"anello-27","status":"publish","type":"product","link":"http:\/\/riccardowebdesign.it\/OPHELIA\/prodotto\/anello-27\/","title":{"rendered":"Anello in ametista | spirale in rame"},"content":{"rendered":"<article class=\"text-token-text-primary w-full focus:outline-none [--shadow-height:45px] has-data-writing-block:pointer-events-none has-data-writing-block:-mt-(--shadow-height) has-data-writing-block:pt-(--shadow-height) [&amp;:has([data-writing-block])&gt;*]:pointer-events-auto scroll-mt-[calc(var(--header-height)+min(200px,max(70px,20svh)))]\" dir=\"auto\" tabindex=\"-1\" data-turn-id=\"7d3322ed-4e2e-47fe-b79f-06e6f01bb2c9\" data-testid=\"conversation-turn-60\" data-scroll-anchor=\"true\" data-turn=\"assistant\">\n<div class=\"text-base my-auto mx-auto pb-10 [--thread-content-margin:--spacing(4)] thread-sm:[--thread-content-margin:--spacing(6)] thread-lg:[--thread-content-margin:--spacing(16)] px-(--thread-content-margin)\">\n<div class=\"[--thread-content-max-width:40rem] thread-lg:[--thread-content-max-width:48rem] mx-auto max-w-(--thread-content-max-width) flex-1 group\/turn-messages focus-visible:outline-hidden relative flex w-full min-w-0 flex-col agent-turn\" tabindex=\"-1\">\n<div class=\"flex max-w-full flex-col grow\">\n<div class=\"min-h-8 text-message relative flex w-full flex-col items-end gap-2 text-start break-words whitespace-normal [.text-message+&amp;]:mt-1\" dir=\"auto\" data-message-author-role=\"assistant\" data-message-id=\"eb587086-3f13-418b-9e50-a0ed68e42782\" data-message-model-slug=\"gpt-5-1-thinking\">\n<div class=\"flex w-full flex-col gap-1 empty:hidden first:pt-[1px]\">\n<div class=\"markdown prose dark:prose-invert w-full break-words dark markdown-new-styling\">\n<p data-start=\"297\" data-end=\"597\">Questo anello nasce da un filo di rame modellato in una spirale verticale che corre lungo il dito. Al centro, una sfera liscia di ametista \u00e8 fissata con piccoli avvolgimenti: il viola pieno, con delicate sfumature interne, cattura la luce e la restituisce in riflessi morbidi.<\/p>\n<p data-start=\"599\" data-end=\"933\">Il rame caldo e la pietra fredda creano un equilibrio interessante: il metallo richiama radicamento e concretezza, l\u2019ametista aggiunge un livello pi\u00f9 mentale e intuitivo. \u00c8 una pietra tradizionalmente legata alla chiarezza dei pensieri, al sonno pi\u00f9 sereno e alla capacit\u00e0 di prendere un attimo di distanza quando tutto sembra troppo.<\/p>\n<p data-start=\"935\" data-end=\"1100\">La forma aperta rende l\u2019anello leggero e comodo, mentre le due piccole curve alle estremit\u00e0 disegnano una linea continua che incornicia la pietra senza appesantirla.<\/p>\n<hr data-start=\"1102\" data-end=\"1105\" \/>\n<ul data-start=\"1131\" data-end=\"1954\">\n<li data-start=\"1131\" data-end=\"1178\">\n<p data-start=\"1133\" data-end=\"1178\"><strong data-start=\"1133\" data-end=\"1143\">Pietra<\/strong>: ametista naturale, sfera liscia<\/p>\n<\/li>\n<li data-start=\"1179\" data-end=\"1245\">\n<p data-start=\"1181\" data-end=\"1245\"><strong data-start=\"1181\" data-end=\"1198\">Colore pietra<\/strong>: viola intenso con leggere sfumature interne<\/p>\n<\/li>\n<li data-start=\"1246\" data-end=\"1315\">\n<p data-start=\"1248\" data-end=\"1315\"><strong data-start=\"1248\" data-end=\"1259\">Metallo<\/strong>: filo di rame, modellato e avvolto interamente a mano<\/p>\n<\/li>\n<li data-start=\"1316\" data-end=\"1393\">\n<p data-start=\"1318\" data-end=\"1393\"><strong data-start=\"1318\" data-end=\"1328\">Design<\/strong>: spirale verticale aperta con pietra centrale su doppia fascia<\/p>\n<\/li>\n<li data-start=\"1394\" data-end=\"1468\">\n<p data-start=\"1396\" data-end=\"1468\"><strong data-start=\"1396\" data-end=\"1407\">Tecnica<\/strong>: wire wrapping artigianale con micro-avvolgimenti di fermo<\/p>\n<\/li>\n<li data-start=\"1469\" data-end=\"1545\">\n<p data-start=\"1471\" data-end=\"1545\"><strong data-start=\"1471\" data-end=\"1481\">Misura<\/strong>: regolabile<\/p>\n<\/li>\n<li data-start=\"1637\" data-end=\"1711\">\n<p data-start=\"1639\" data-end=\"1711\"><strong data-start=\"1639\" data-end=\"1648\">Stile<\/strong>: caldo ma elegante, con carattere leggermente elfico\/fantasy<\/p>\n<\/li>\n<li data-start=\"1712\" data-end=\"1859\">\n<p data-start=\"1714\" data-end=\"1859\"><strong data-start=\"1714\" data-end=\"1722\">Cura<\/strong>: evitare contatto prolungato con acqua, profumi, creme e prodotti chimici<\/p>\n<\/li>\n<li data-start=\"1860\" data-end=\"1954\">\n<p data-start=\"1862\" data-end=\"1954\"><strong data-start=\"1862\" data-end=\"1877\">Nichel free<\/strong>: privo di nichel, pensato per essere il pi\u00f9 possibile delicato sulla pelle<\/p>\n<\/li>\n<\/ul>\n<hr data-start=\"1956\" data-end=\"1959\" \/>\n<p data-start=\"1961\" data-end=\"2265\" data-is-last-node=\"\" data-is-only-node=\"\"><br data-start=\"1995\" data-end=\"1998\" \/>Ideale per chi ha una mente sempre in movimento e desidera un piccolo promemoria di calma e lucidit\u00e0 al dito. Perfetto per persone sensibili, creative, amanti dei toni viola e dei metalli caldi, che cercano un anello quotidiano leggero ma con un significato profondo.<\/p>\n<\/div>\n<\/div>\n<\/div>\n<\/div>\n<div class=\"z-0 flex min-h-[46px] justify-start\"><\/div>\n<div class=\"mt-3 w-full empty:hidden\">\n<div class=\"text-center\"><\/div>\n<\/div>\n<\/div>\n<\/div>\n<\/article>\n<div class=\"pointer-events-none h-px w-px\" aria-hidden=\"true\" data-edge=\"true\"><\/div>\n","protected":false},"excerpt":{"rendered":"<p>Un anello a spirale in filo di rame che abbraccia una sfera di ametista viola intenso. Un dettaglio leggero ma pieno di presenza, pensato per portare con s\u00e9 pi\u00f9 lucidit\u00e0 e calma nelle giornate piene.<\/p>\n","protected":false},"featured_media":2812,"comment_status":"open","ping_status":"closed","template":"","meta":[],"product_brand":[26],"product_cat":[22],"product_tag":[],"class_list":{"0":"post-2790","1":"product","2":"type-product","3":"status-publish","4":"has-post-thumbnail","6":"product_brand-ophelias-gioielli","7":"product_cat-anelli","9":"first","10":"instock","11":"product-type-simple"},"aioseo_notices":[],"wcpa_form_fields":null,"_links":{"self":[{"href":"http:\/\/riccardowebdesign.it\/OPHELIA\/wp-json\/wp\/v2\/product\/2790","targetHints":{"allow":["GET"]}}],"collection":[{"href":"http:\/\/riccardowebdesign.it\/OPHELIA\/wp-json\/wp\/v2\/product"}],"about":[{"href":"http:\/\/riccardowebdesign.it\/OPHELIA\/wp-json\/wp\/v2\/types\/product"}],"replies":[{"embeddable":true,"href":"http:\/\/riccardowebdesign.it\/OPHELIA\/wp-json\/wp\/v2\/comments?post=2790"}],"wp:featuredmedia":[{"embeddable":true,"href":"http:\/\/riccardowebdesign.it\/OPHELIA\/wp-json\/wp\/v2\/media\/2812"}],"wp:attachment":[{"href":"http:\/\/riccardowebdesign.it\/OPHELIA\/wp-json\/wp\/v2\/media?parent=2790"}],"wp:term":[{"taxonomy":"product_brand","embeddable":true,"href":"http:\/\/riccardowebdesign.it\/OPHELIA\/wp-json\/wp\/v2\/product_brand?post=2790"},{"taxonomy":"product_cat","embeddable":true,"href":"http:\/\/riccardowebdesign.it\/OPHELIA\/wp-json\/wp\/v2\/product_cat?post=2790"},{"taxonomy":"product_tag","embeddable":true,"href":"http:\/\/riccardowebdesign.it\/OPHELIA\/wp-json\/wp\/v2\/product_tag?post=2790"}],"curies":[{"name":"wp","href":"https:\/\/api.w.org\/{rel}","templated":true}]}}