{"id":2802,"date":"2025-11-27T12:52:51","date_gmt":"2025-11-27T11:52:51","guid":{"rendered":"http:\/\/riccardowebdesign.it\/OPHELIA\/prodotto\/anello-33\/"},"modified":"2025-12-15T19:46:16","modified_gmt":"2025-12-15T18:46:16","slug":"anello-33","status":"publish","type":"product","link":"http:\/\/riccardowebdesign.it\/OPHELIA\/prodotto\/anello-33\/","title":{"rendered":"Anello in corniola | nido dorato"},"content":{"rendered":"<article class=\"text-token-text-primary w-full focus:outline-none [--shadow-height:45px] has-data-writing-block:pointer-events-none has-data-writing-block:-mt-(--shadow-height) has-data-writing-block:pt-(--shadow-height) [&amp;:has([data-writing-block])&gt;*]:pointer-events-auto scroll-mt-[calc(var(--header-height)+min(200px,max(70px,20svh)))]\" dir=\"auto\" tabindex=\"-1\" data-turn-id=\"6ad99a3b-2d65-4d08-a649-ba2c399cbfec\" data-testid=\"conversation-turn-72\" data-scroll-anchor=\"true\" data-turn=\"assistant\">\n<div class=\"text-base my-auto mx-auto pb-10 [--thread-content-margin:--spacing(4)] thread-sm:[--thread-content-margin:--spacing(6)] thread-lg:[--thread-content-margin:--spacing(16)] px-(--thread-content-margin)\">\n<div class=\"[--thread-content-max-width:40rem] thread-lg:[--thread-content-max-width:48rem] mx-auto max-w-(--thread-content-max-width) flex-1 group\/turn-messages focus-visible:outline-hidden relative flex w-full min-w-0 flex-col agent-turn\" tabindex=\"-1\">\n<div class=\"flex max-w-full flex-col grow\">\n<div class=\"min-h-8 text-message relative flex w-full flex-col items-end gap-2 text-start break-words whitespace-normal [.text-message+&amp;]:mt-1\" dir=\"auto\" data-message-author-role=\"assistant\" data-message-id=\"3aad6e13-fc8d-4fcb-a0a7-2dc14827d2a2\" data-message-model-slug=\"gpt-5-1-thinking\">\n<div class=\"flex w-full flex-col gap-1 empty:hidden first:pt-[1px]\">\n<div class=\"markdown prose dark:prose-invert w-full break-words dark markdown-new-styling\">\n<p data-start=\"309\" data-end=\"661\">Questo anello nasce da pi\u00f9 fili di rame color oro che si intrecciano fino a formare un piccolo nido laterale: al centro di questo intreccio compatto riposa una sfera liscia di corniola, dal rosso aranciato profondo. La pietra cattura la luce e la restituisce in riflessi caldi, quasi come una brace viva incastonata nel metallo.<\/p>\n<p data-start=\"663\" data-end=\"1001\">La montatura a nido \u00e8 accompagnata da un intreccio pi\u00f9 sottile sul lato opposto, che disegna una piccola curva a spirale e riequilibra il design. L\u2019effetto \u00e8 quello di un anello essenziale ma pieno di carattere: il volume resta contenuto, ma il colore della corniola e il dorato del filo lo rendono immediatamente riconoscibile da vicino.<\/p>\n<p data-start=\"1003\" data-end=\"1222\">La corniola \u00e8 tradizionalmente associata alla vitalit\u00e0, al coraggio dolce di portare avanti ci\u00f2 che si \u00e8 scelto. Qui diventa un punto focale caldo, ideale per chi ama i dettagli che si notano solo quando ci si avvicina.<\/p>\n<hr data-start=\"1224\" data-end=\"1227\" \/>\n<ul data-start=\"1253\" data-end=\"2176\">\n<li data-start=\"1253\" data-end=\"1311\">\n<p data-start=\"1255\" data-end=\"1311\"><strong data-start=\"1255\" data-end=\"1265\">Pietra<\/strong>: corniola naturale, taglio cabochon sferico<\/p>\n<\/li>\n<li data-start=\"1312\" data-end=\"1387\">\n<p data-start=\"1314\" data-end=\"1387\"><strong data-start=\"1314\" data-end=\"1331\">Colore pietra<\/strong>: rosso\/arancio intenso con profonde sfumature interne<\/p>\n<\/li>\n<li data-start=\"1388\" data-end=\"1487\">\n<p data-start=\"1390\" data-end=\"1487\"><strong data-start=\"1390\" data-end=\"1401\">Metallo<\/strong>: filo di rame color oro (rame placcato)<\/p>\n<\/li>\n<li data-start=\"1488\" data-end=\"1585\">\n<p data-start=\"1490\" data-end=\"1585\"><strong data-start=\"1490\" data-end=\"1500\">Design<\/strong>: montatura a nido laterale con fili sovrapposti e piccola spirale sul lato opposto<\/p>\n<\/li>\n<li data-start=\"1586\" data-end=\"1676\">\n<p data-start=\"1588\" data-end=\"1676\"><strong data-start=\"1588\" data-end=\"1599\">Tecnica<\/strong>: wire wrapping artigianale, ogni anello presenta leggere variazioni uniche<\/p>\n<\/li>\n<li data-start=\"1677\" data-end=\"1775\">\n<p data-start=\"1679\" data-end=\"1775\"><strong data-start=\"1679\" data-end=\"1689\">Misura<\/strong>: 14<\/p>\n<\/li>\n<li data-start=\"1776\" data-end=\"1866\">\n<p data-start=\"1778\" data-end=\"1866\"><strong data-start=\"1778\" data-end=\"1790\">Finitura<\/strong>: struttura leggera e confortevole sul dito, superfici lisce senza spigoli<\/p>\n<\/li>\n<li data-start=\"1867\" data-end=\"1945\">\n<p data-start=\"1869\" data-end=\"1945\"><strong data-start=\"1869\" data-end=\"1878\">Stile<\/strong>: caldo, grafico, perfetto con toni neri, crema, marroni e dorati<\/p>\n<\/li>\n<li data-start=\"1946\" data-end=\"2098\">\n<p data-start=\"1948\" data-end=\"2098\"><strong data-start=\"1948\" data-end=\"1956\">Cura<\/strong>: evitare contatto prolungato con acqua, profumi, creme e prodotti chimici; riporre in luogo asciutto per preservare la finitura del metallo<\/p>\n<\/li>\n<li data-start=\"2099\" data-end=\"2176\">\n<p data-start=\"2101\" data-end=\"2176\"><strong data-start=\"2101\" data-end=\"2116\">Nichel free<\/strong>: pensato per essere il pi\u00f9 possibile delicato sulla pelle<\/p>\n<\/li>\n<\/ul>\n<hr data-start=\"2178\" data-end=\"2181\" \/>\n<p data-start=\"2183\" data-end=\"2524\" data-is-last-node=\"\" data-is-only-node=\"\"><br data-start=\"2217\" data-end=\"2220\" \/>Ideale per chi sta costruendo nuovi progetti o abitudini e vuole un piccolo promemoria di energia e costanza da portare sempre con s\u00e9. Perfetto per chi ama i toni caldi e i gioielli compatti ma presenti, da indossare ogni giorno o abbinare ad altri anelli dorati per creare un insieme ricco ma armonioso.<\/p>\n<\/div>\n<\/div>\n<\/div>\n<\/div>\n<div class=\"z-0 flex min-h-[46px] justify-start\"><\/div>\n<div class=\"mt-3 w-full empty:hidden\">\n<div class=\"text-center\"><\/div>\n<\/div>\n<\/div>\n<\/div>\n<\/article>\n<div class=\"pointer-events-none h-px w-px\" aria-hidden=\"true\" data-edge=\"true\"><\/div>\n","protected":false},"excerpt":{"rendered":"<p>Un anello in filo dorato intrecciato che avvolge una sfera di corniola rosso caldo, spostata leggermente di lato. Un dettaglio luminoso e compatto, pensato per portare sul dito energia e determinazione con eleganza.<\/p>\n","protected":false},"featured_media":2858,"comment_status":"open","ping_status":"closed","template":"","meta":[],"product_brand":[26],"product_cat":[22],"product_tag":[],"class_list":{"0":"post-2802","1":"product","2":"type-product","3":"status-publish","4":"has-post-thumbnail","6":"product_brand-ophelias-gioielli","7":"product_cat-anelli","9":"first","10":"instock","11":"purchasable","12":"product-type-simple"},"aioseo_notices":[],"wcpa_form_fields":null,"_links":{"self":[{"href":"http:\/\/riccardowebdesign.it\/OPHELIA\/wp-json\/wp\/v2\/product\/2802","targetHints":{"allow":["GET"]}}],"collection":[{"href":"http:\/\/riccardowebdesign.it\/OPHELIA\/wp-json\/wp\/v2\/product"}],"about":[{"href":"http:\/\/riccardowebdesign.it\/OPHELIA\/wp-json\/wp\/v2\/types\/product"}],"replies":[{"embeddable":true,"href":"http:\/\/riccardowebdesign.it\/OPHELIA\/wp-json\/wp\/v2\/comments?post=2802"}],"wp:featuredmedia":[{"embeddable":true,"href":"http:\/\/riccardowebdesign.it\/OPHELIA\/wp-json\/wp\/v2\/media\/2858"}],"wp:attachment":[{"href":"http:\/\/riccardowebdesign.it\/OPHELIA\/wp-json\/wp\/v2\/media?parent=2802"}],"wp:term":[{"taxonomy":"product_brand","embeddable":true,"href":"http:\/\/riccardowebdesign.it\/OPHELIA\/wp-json\/wp\/v2\/product_brand?post=2802"},{"taxonomy":"product_cat","embeddable":true,"href":"http:\/\/riccardowebdesign.it\/OPHELIA\/wp-json\/wp\/v2\/product_cat?post=2802"},{"taxonomy":"product_tag","embeddable":true,"href":"http:\/\/riccardowebdesign.it\/OPHELIA\/wp-json\/wp\/v2\/product_tag?post=2802"}],"curies":[{"name":"wp","href":"https:\/\/api.w.org\/{rel}","templated":true}]}}