{"id":444,"date":"2025-09-16T18:17:25","date_gmt":"2025-09-16T18:17:25","guid":{"rendered":"http:\/\/riccardowebdesign.it\/OPHELIA\/?post_type=product&#038;p=444"},"modified":"2025-09-16T18:17:25","modified_gmt":"2025-09-16T18:17:25","slug":"collana-ametista-e-labradorite-bianca","status":"publish","type":"product","link":"http:\/\/riccardowebdesign.it\/OPHELIA\/prodotto\/collana-ametista-e-labradorite-bianca\/","title":{"rendered":"collana Ametista e Labradorite bianca"},"content":{"rendered":"<p><img loading=\"lazy\" decoding=\"async\" class=\"alignnone size-full wp-image-446\" src=\"http:\/\/riccardowebdesign.it\/OPHELIA\/wp-content\/uploads\/2025\/09\/IMG_6617-scaled.jpg\" alt=\"\" width=\"2560\" height=\"2560\" srcset=\"http:\/\/riccardowebdesign.it\/OPHELIA\/wp-content\/uploads\/2025\/09\/IMG_6617-scaled.jpg 2560w, http:\/\/riccardowebdesign.it\/OPHELIA\/wp-content\/uploads\/2025\/09\/IMG_6617-scaled-450x450.jpg 450w, http:\/\/riccardowebdesign.it\/OPHELIA\/wp-content\/uploads\/2025\/09\/IMG_6617-scaled-100x100.jpg 100w, http:\/\/riccardowebdesign.it\/OPHELIA\/wp-content\/uploads\/2025\/09\/IMG_6617-scaled-900x900.jpg 900w, http:\/\/riccardowebdesign.it\/OPHELIA\/wp-content\/uploads\/2025\/09\/IMG_6617-300x300.jpg 300w, http:\/\/riccardowebdesign.it\/OPHELIA\/wp-content\/uploads\/2025\/09\/IMG_6617-1024x1024.jpg 1024w, http:\/\/riccardowebdesign.it\/OPHELIA\/wp-content\/uploads\/2025\/09\/IMG_6617-150x150.jpg 150w, http:\/\/riccardowebdesign.it\/OPHELIA\/wp-content\/uploads\/2025\/09\/IMG_6617-768x768.jpg 768w, http:\/\/riccardowebdesign.it\/OPHELIA\/wp-content\/uploads\/2025\/09\/IMG_6617-1536x1536.jpg 1536w, http:\/\/riccardowebdesign.it\/OPHELIA\/wp-content\/uploads\/2025\/09\/IMG_6617-2048x2048.jpg 2048w\" sizes=\"auto, (max-width: 2560px) 100vw, 2560px\" \/> <img loading=\"lazy\" decoding=\"async\" class=\"alignnone size-full wp-image-445\" src=\"http:\/\/riccardowebdesign.it\/OPHELIA\/wp-content\/uploads\/2025\/09\/IMG_6618-scaled.jpg\" alt=\"\" width=\"2560\" height=\"2560\" srcset=\"http:\/\/riccardowebdesign.it\/OPHELIA\/wp-content\/uploads\/2025\/09\/IMG_6618-scaled.jpg 2560w, http:\/\/riccardowebdesign.it\/OPHELIA\/wp-content\/uploads\/2025\/09\/IMG_6618-scaled-450x450.jpg 450w, http:\/\/riccardowebdesign.it\/OPHELIA\/wp-content\/uploads\/2025\/09\/IMG_6618-scaled-100x100.jpg 100w, http:\/\/riccardowebdesign.it\/OPHELIA\/wp-content\/uploads\/2025\/09\/IMG_6618-scaled-900x900.jpg 900w, http:\/\/riccardowebdesign.it\/OPHELIA\/wp-content\/uploads\/2025\/09\/IMG_6618-300x300.jpg 300w, http:\/\/riccardowebdesign.it\/OPHELIA\/wp-content\/uploads\/2025\/09\/IMG_6618-1024x1024.jpg 1024w, http:\/\/riccardowebdesign.it\/OPHELIA\/wp-content\/uploads\/2025\/09\/IMG_6618-150x150.jpg 150w, http:\/\/riccardowebdesign.it\/OPHELIA\/wp-content\/uploads\/2025\/09\/IMG_6618-768x768.jpg 768w, http:\/\/riccardowebdesign.it\/OPHELIA\/wp-content\/uploads\/2025\/09\/IMG_6618-1536x1536.jpg 1536w, http:\/\/riccardowebdesign.it\/OPHELIA\/wp-content\/uploads\/2025\/09\/IMG_6618-2048x2048.jpg 2048w\" sizes=\"auto, (max-width: 2560px) 100vw, 2560px\" \/><\/p>\n<p data-start=\"871\" data-end=\"888\"><strong data-start=\"874\" data-end=\"886\">Ametista<\/strong><\/p>\n<ul data-start=\"889\" data-end=\"1245\">\n<li data-start=\"889\" data-end=\"944\">\n<p data-start=\"891\" data-end=\"944\"><em data-start=\"891\" data-end=\"907\">Parole chiave:<\/em> Intuizione \u2022 Guarigione \u2022 Saggezza<\/p>\n<\/li>\n<li data-start=\"945\" data-end=\"1245\">\n<p data-start=\"947\" data-end=\"1245\">L&#8217;ametista \u00e8 da sempre considerata una pietra di protezione spirituale, capace di calmare i pensieri e stimolare l\u2019intuito. Nelle leggende nordiche, era legata alla dea Freyja, custode della magia e del cuore.<br data-start=\"1156\" data-end=\"1159\" \/>Porta lucidit\u00e0 nei momenti di confusione, trasformando l\u2019agitazione in consapevolezza.<\/p>\n<\/li>\n<\/ul>\n<p data-start=\"1247\" data-end=\"1294\"><strong data-start=\"1250\" data-end=\"1292\">Labradorite bianca\u00a0<\/strong><\/p>\n<ul data-start=\"1295\" data-end=\"1616\">\n<li data-start=\"1295\" data-end=\"1368\">\n<p data-start=\"1297\" data-end=\"1368\"><em data-start=\"1297\" data-end=\"1313\">Parole chiave:<\/em> Visione interiore \u2022 Equilibrio emotivo<\/p>\n<\/li>\n<li data-start=\"1369\" data-end=\"1616\">\n<p data-start=\"1371\" data-end=\"1616\">Questa variet\u00e0 di labradorite, dai riflessi perlacei e blu, \u00e8 legata ai poteri della luna. \u00c8 capace di illuminare il cammino spirituale.<br data-start=\"1545\" data-end=\"1548\" \/>Favorisce l\u2019ascolto profondo e la connessione con le fasi interiori.<\/p>\n<\/li>\n<\/ul>\n<p>&nbsp;<\/p>\n<ul>\n<li data-start=\"1647\" data-end=\"1719\">\n<p data-start=\"1649\" data-end=\"1719\"><strong data-start=\"1649\" data-end=\"1663\">Materiali:<\/strong> rame naturale anticato (protetto con vernice specifica)<\/p>\n<\/li>\n<li data-start=\"1720\" data-end=\"1818\">\n<p data-start=\"1722\" data-end=\"1818\"><strong data-start=\"1722\" data-end=\"1733\">Pietre:<\/strong> cabochon di ametista brasiliana (taglio goccia), labradorite bianca (cabochon ovale)<\/p>\n<\/li>\n<li data-start=\"1819\" data-end=\"1877\">\n<p data-start=\"1821\" data-end=\"1877\"><strong data-start=\"1821\" data-end=\"1833\">Tecnica:<\/strong> wire wrapping intrecciato e tridimensionale<\/p>\n<\/li>\n<li data-start=\"1878\" data-end=\"1945\">\n<p data-start=\"1880\" data-end=\"1945\"><strong data-start=\"1880\" data-end=\"1899\">Catena inclusa:<\/strong> rame placcato (lunghezza regolabile 45\u201350 cm)<\/p>\n<\/li>\n<\/ul>\n<p>&nbsp;<\/p>\n<p>Pu\u00f2 accompagnarti durante pratiche spirituali, meditazioni o semplicemente diventare il tuo amuleto quotidiano contro le energie caotiche.<\/p>\n","protected":false},"excerpt":{"rendered":"<p data-start=\"205\" data-end=\"400\">Una creazione intensa e delicata insieme: ametista profonda e lucente, sormontata da una labradorite bianca eterea che riflette bagliori lunari. Una creazione che vibra di energia psichica e profonda calma.<\/p>\n","protected":false},"featured_media":446,"comment_status":"open","ping_status":"closed","template":"","meta":[],"product_brand":[26],"product_cat":[19],"product_tag":[],"class_list":{"0":"post-444","1":"product","2":"type-product","3":"status-publish","4":"has-post-thumbnail","6":"product_brand-ophelias-gioielli","7":"product_cat-collane","9":"first","10":"instock","11":"sold-individually","12":"purchasable","13":"product-type-simple"},"aioseo_notices":[],"wcpa_form_fields":null,"_links":{"self":[{"href":"http:\/\/riccardowebdesign.it\/OPHELIA\/wp-json\/wp\/v2\/product\/444","targetHints":{"allow":["GET"]}}],"collection":[{"href":"http:\/\/riccardowebdesign.it\/OPHELIA\/wp-json\/wp\/v2\/product"}],"about":[{"href":"http:\/\/riccardowebdesign.it\/OPHELIA\/wp-json\/wp\/v2\/types\/product"}],"replies":[{"embeddable":true,"href":"http:\/\/riccardowebdesign.it\/OPHELIA\/wp-json\/wp\/v2\/comments?post=444"}],"wp:featuredmedia":[{"embeddable":true,"href":"http:\/\/riccardowebdesign.it\/OPHELIA\/wp-json\/wp\/v2\/media\/446"}],"wp:attachment":[{"href":"http:\/\/riccardowebdesign.it\/OPHELIA\/wp-json\/wp\/v2\/media?parent=444"}],"wp:term":[{"taxonomy":"product_brand","embeddable":true,"href":"http:\/\/riccardowebdesign.it\/OPHELIA\/wp-json\/wp\/v2\/product_brand?post=444"},{"taxonomy":"product_cat","embeddable":true,"href":"http:\/\/riccardowebdesign.it\/OPHELIA\/wp-json\/wp\/v2\/product_cat?post=444"},{"taxonomy":"product_tag","embeddable":true,"href":"http:\/\/riccardowebdesign.it\/OPHELIA\/wp-json\/wp\/v2\/product_tag?post=444"}],"curies":[{"name":"wp","href":"https:\/\/api.w.org\/{rel}","templated":true}]}}