{"id":468,"date":"2025-09-16T18:29:35","date_gmt":"2025-09-16T18:29:35","guid":{"rendered":"http:\/\/riccardowebdesign.it\/OPHELIA\/?post_type=product&#038;p=468"},"modified":"2025-09-16T18:30:45","modified_gmt":"2025-09-16T18:30:45","slug":"collana-diaspo-bumblebee-quarzo-citrino","status":"publish","type":"product","link":"http:\/\/riccardowebdesign.it\/OPHELIA\/prodotto\/collana-diaspo-bumblebee-quarzo-citrino\/","title":{"rendered":"collana Diaspo bumblebee e Quarzo citrino"},"content":{"rendered":"<p><img loading=\"lazy\" decoding=\"async\" class=\"alignnone size-full wp-image-457\" src=\"http:\/\/riccardowebdesign.it\/OPHELIA\/wp-content\/uploads\/2025\/09\/IMG_6676-scaled.jpg\" alt=\"\" width=\"2560\" height=\"2560\" srcset=\"http:\/\/riccardowebdesign.it\/OPHELIA\/wp-content\/uploads\/2025\/09\/IMG_6676-scaled.jpg 2560w, http:\/\/riccardowebdesign.it\/OPHELIA\/wp-content\/uploads\/2025\/09\/IMG_6676-scaled-450x450.jpg 450w, http:\/\/riccardowebdesign.it\/OPHELIA\/wp-content\/uploads\/2025\/09\/IMG_6676-scaled-100x100.jpg 100w, http:\/\/riccardowebdesign.it\/OPHELIA\/wp-content\/uploads\/2025\/09\/IMG_6676-scaled-900x900.jpg 900w, http:\/\/riccardowebdesign.it\/OPHELIA\/wp-content\/uploads\/2025\/09\/IMG_6676-300x300.jpg 300w, http:\/\/riccardowebdesign.it\/OPHELIA\/wp-content\/uploads\/2025\/09\/IMG_6676-1024x1024.jpg 1024w, http:\/\/riccardowebdesign.it\/OPHELIA\/wp-content\/uploads\/2025\/09\/IMG_6676-150x150.jpg 150w, http:\/\/riccardowebdesign.it\/OPHELIA\/wp-content\/uploads\/2025\/09\/IMG_6676-768x768.jpg 768w, http:\/\/riccardowebdesign.it\/OPHELIA\/wp-content\/uploads\/2025\/09\/IMG_6676-1536x1536.jpg 1536w, http:\/\/riccardowebdesign.it\/OPHELIA\/wp-content\/uploads\/2025\/09\/IMG_6676-2048x2048.jpg 2048w\" sizes=\"auto, (max-width: 2560px) 100vw, 2560px\" \/> <img loading=\"lazy\" decoding=\"async\" class=\"alignnone size-full wp-image-456\" src=\"http:\/\/riccardowebdesign.it\/OPHELIA\/wp-content\/uploads\/2025\/09\/IMG_6674-scaled.jpg\" alt=\"\" width=\"2560\" height=\"2560\" srcset=\"http:\/\/riccardowebdesign.it\/OPHELIA\/wp-content\/uploads\/2025\/09\/IMG_6674-scaled.jpg 2560w, http:\/\/riccardowebdesign.it\/OPHELIA\/wp-content\/uploads\/2025\/09\/IMG_6674-scaled-450x450.jpg 450w, http:\/\/riccardowebdesign.it\/OPHELIA\/wp-content\/uploads\/2025\/09\/IMG_6674-scaled-100x100.jpg 100w, http:\/\/riccardowebdesign.it\/OPHELIA\/wp-content\/uploads\/2025\/09\/IMG_6674-scaled-900x900.jpg 900w, http:\/\/riccardowebdesign.it\/OPHELIA\/wp-content\/uploads\/2025\/09\/IMG_6674-300x300.jpg 300w, http:\/\/riccardowebdesign.it\/OPHELIA\/wp-content\/uploads\/2025\/09\/IMG_6674-1024x1024.jpg 1024w, http:\/\/riccardowebdesign.it\/OPHELIA\/wp-content\/uploads\/2025\/09\/IMG_6674-150x150.jpg 150w, http:\/\/riccardowebdesign.it\/OPHELIA\/wp-content\/uploads\/2025\/09\/IMG_6674-768x768.jpg 768w, http:\/\/riccardowebdesign.it\/OPHELIA\/wp-content\/uploads\/2025\/09\/IMG_6674-1536x1536.jpg 1536w, http:\/\/riccardowebdesign.it\/OPHELIA\/wp-content\/uploads\/2025\/09\/IMG_6674-2048x2048.jpg 2048w\" sizes=\"auto, (max-width: 2560px) 100vw, 2560px\" \/> <img loading=\"lazy\" decoding=\"async\" class=\"alignnone size-full wp-image-455\" src=\"http:\/\/riccardowebdesign.it\/OPHELIA\/wp-content\/uploads\/2025\/09\/IMG_6666-scaled.jpg\" alt=\"\" width=\"2560\" height=\"2560\" srcset=\"http:\/\/riccardowebdesign.it\/OPHELIA\/wp-content\/uploads\/2025\/09\/IMG_6666-scaled.jpg 2560w, http:\/\/riccardowebdesign.it\/OPHELIA\/wp-content\/uploads\/2025\/09\/IMG_6666-scaled-450x450.jpg 450w, http:\/\/riccardowebdesign.it\/OPHELIA\/wp-content\/uploads\/2025\/09\/IMG_6666-scaled-100x100.jpg 100w, http:\/\/riccardowebdesign.it\/OPHELIA\/wp-content\/uploads\/2025\/09\/IMG_6666-scaled-900x900.jpg 900w, http:\/\/riccardowebdesign.it\/OPHELIA\/wp-content\/uploads\/2025\/09\/IMG_6666-300x300.jpg 300w, http:\/\/riccardowebdesign.it\/OPHELIA\/wp-content\/uploads\/2025\/09\/IMG_6666-1024x1024.jpg 1024w, http:\/\/riccardowebdesign.it\/OPHELIA\/wp-content\/uploads\/2025\/09\/IMG_6666-150x150.jpg 150w, http:\/\/riccardowebdesign.it\/OPHELIA\/wp-content\/uploads\/2025\/09\/IMG_6666-768x768.jpg 768w, http:\/\/riccardowebdesign.it\/OPHELIA\/wp-content\/uploads\/2025\/09\/IMG_6666-1536x1536.jpg 1536w, http:\/\/riccardowebdesign.it\/OPHELIA\/wp-content\/uploads\/2025\/09\/IMG_6666-2048x2048.jpg 2048w\" sizes=\"auto, (max-width: 2560px) 100vw, 2560px\" \/><\/p>\n<ul data-start=\"999\" data-end=\"1425\">\n<li data-start=\"999\" data-end=\"1225\">\n<p data-start=\"1001\" data-end=\"1225\"><strong data-start=\"1001\" data-end=\"1022\">Diaspro Bumblebee<\/strong><br data-start=\"1022\" data-end=\"1025\" \/>Energia \u2013 Coraggio \u2013 Espressione<br data-start=\"1059\" data-end=\"1062\" \/>Estratto in Indonesia, il diaspro bumblebee \u00e8 una pietra vulcanica estremamente rara, usata per stimolare forza interiore, passione creativa e coraggio d\u2019azione.<\/p>\n<\/li>\n<li data-start=\"1227\" data-end=\"1425\">\n<p data-start=\"1229\" data-end=\"1425\"><strong data-start=\"1229\" data-end=\"1247\">Quarzo Citrino<\/strong><br data-start=\"1247\" data-end=\"1250\" \/>Abbondanza \u2013 Calore \u2013 Fiducia<br data-start=\"1281\" data-end=\"1284\" \/>Considerata una delle pietre pi\u00f9 solari, il citrino dona luce, chiarezza e autostima. Porta con s\u00e9 vibrazioni dorate di prosperit\u00e0 e gioia.<\/p>\n<\/li>\n<\/ul>\n<p>&nbsp;<\/p>\n<ul>\n<li data-start=\"1461\" data-end=\"1519\">\n<p data-start=\"1463\" data-end=\"1519\">Filo di rame dorato, lavorato interamente a mano<\/p>\n<\/li>\n<li data-start=\"1520\" data-end=\"1567\">\n<p data-start=\"1522\" data-end=\"1567\">Pietra centrale: diaspro bumblebee naturale<\/p>\n<\/li>\n<li data-start=\"1568\" data-end=\"1611\">\n<p data-start=\"1570\" data-end=\"1611\">Gocce pendenti: quarzo citrino naturale<\/p>\n<\/li>\n<li data-start=\"1612\" data-end=\"1676\">\n<p data-start=\"1614\" data-end=\"1676\">Forma: goccia con struttura ispirata alle celle dell\u2019alveare<\/p>\n<\/li>\n<li data-start=\"1677\" data-end=\"1714\">\n<p data-start=\"1679\" data-end=\"1714\">Lunghezza regolabile con catenina<\/p>\n<\/li>\n<li data-start=\"1715\" data-end=\"1745\">\n<p data-start=\"1717\" data-end=\"1745\">Nickel free e cruelty free<\/p>\n<\/li>\n<li data-start=\"1746\" data-end=\"1814\">\n<p data-start=\"1748\" data-end=\"1814\">Pezzo \u00e8 unico<\/p>\n<\/li>\n<\/ul>\n<p>&nbsp;<\/p>\n<p>\u00c8 un talismano per chi ama la natura, per chi sente il richiamo dell\u2019estate, e per chi crede nel potere della collaborazione e della luce interiore.<\/p>\n","protected":false},"excerpt":{"rendered":"<p data-start=\"172\" data-end=\"494\">Un omaggio al bumblebee, custode operoso dei fiori e simbolo di comunit\u00e0 e vitalit\u00e0. Il design di questa collana richiama le celle esagonali del miele e custodisce un cuore solare in diaspro bumblebee, una pietra rara e potente. Le due gocce mobili in quarzo citrino, leggere e dorate, scivolano come stille di miele puro.<\/p>\n","protected":false},"featured_media":457,"comment_status":"open","ping_status":"closed","template":"","meta":[],"product_brand":[26],"product_cat":[19],"product_tag":[],"class_list":{"0":"post-468","1":"product","2":"type-product","3":"status-publish","4":"has-post-thumbnail","6":"product_brand-ophelias-gioielli","7":"product_cat-collane","9":"first","10":"instock","11":"sold-individually","12":"purchasable","13":"product-type-simple"},"aioseo_notices":[],"wcpa_form_fields":null,"_links":{"self":[{"href":"http:\/\/riccardowebdesign.it\/OPHELIA\/wp-json\/wp\/v2\/product\/468","targetHints":{"allow":["GET"]}}],"collection":[{"href":"http:\/\/riccardowebdesign.it\/OPHELIA\/wp-json\/wp\/v2\/product"}],"about":[{"href":"http:\/\/riccardowebdesign.it\/OPHELIA\/wp-json\/wp\/v2\/types\/product"}],"replies":[{"embeddable":true,"href":"http:\/\/riccardowebdesign.it\/OPHELIA\/wp-json\/wp\/v2\/comments?post=468"}],"wp:featuredmedia":[{"embeddable":true,"href":"http:\/\/riccardowebdesign.it\/OPHELIA\/wp-json\/wp\/v2\/media\/457"}],"wp:attachment":[{"href":"http:\/\/riccardowebdesign.it\/OPHELIA\/wp-json\/wp\/v2\/media?parent=468"}],"wp:term":[{"taxonomy":"product_brand","embeddable":true,"href":"http:\/\/riccardowebdesign.it\/OPHELIA\/wp-json\/wp\/v2\/product_brand?post=468"},{"taxonomy":"product_cat","embeddable":true,"href":"http:\/\/riccardowebdesign.it\/OPHELIA\/wp-json\/wp\/v2\/product_cat?post=468"},{"taxonomy":"product_tag","embeddable":true,"href":"http:\/\/riccardowebdesign.it\/OPHELIA\/wp-json\/wp\/v2\/product_tag?post=468"}],"curies":[{"name":"wp","href":"https:\/\/api.w.org\/{rel}","templated":true}]}}