{"id":475,"date":"2025-09-16T20:29:36","date_gmt":"2025-09-16T20:29:36","guid":{"rendered":"http:\/\/riccardowebdesign.it\/OPHELIA\/?post_type=product&#038;p=475"},"modified":"2025-09-16T20:29:36","modified_gmt":"2025-09-16T20:29:36","slug":"collana-malachite-e-labradorite-bianca","status":"publish","type":"product","link":"http:\/\/riccardowebdesign.it\/OPHELIA\/prodotto\/collana-malachite-e-labradorite-bianca\/","title":{"rendered":"collana Malachite e Labradorite bianca"},"content":{"rendered":"<p><img loading=\"lazy\" decoding=\"async\" class=\"alignnone size-full wp-image-450\" src=\"http:\/\/riccardowebdesign.it\/OPHELIA\/wp-content\/uploads\/2025\/09\/IMG_6644-scaled.jpg\" alt=\"\" width=\"2560\" height=\"2560\" srcset=\"http:\/\/riccardowebdesign.it\/OPHELIA\/wp-content\/uploads\/2025\/09\/IMG_6644-scaled.jpg 2560w, http:\/\/riccardowebdesign.it\/OPHELIA\/wp-content\/uploads\/2025\/09\/IMG_6644-scaled-450x450.jpg 450w, http:\/\/riccardowebdesign.it\/OPHELIA\/wp-content\/uploads\/2025\/09\/IMG_6644-scaled-100x100.jpg 100w, http:\/\/riccardowebdesign.it\/OPHELIA\/wp-content\/uploads\/2025\/09\/IMG_6644-scaled-900x900.jpg 900w, http:\/\/riccardowebdesign.it\/OPHELIA\/wp-content\/uploads\/2025\/09\/IMG_6644-300x300.jpg 300w, http:\/\/riccardowebdesign.it\/OPHELIA\/wp-content\/uploads\/2025\/09\/IMG_6644-1024x1024.jpg 1024w, http:\/\/riccardowebdesign.it\/OPHELIA\/wp-content\/uploads\/2025\/09\/IMG_6644-150x150.jpg 150w, http:\/\/riccardowebdesign.it\/OPHELIA\/wp-content\/uploads\/2025\/09\/IMG_6644-768x768.jpg 768w, http:\/\/riccardowebdesign.it\/OPHELIA\/wp-content\/uploads\/2025\/09\/IMG_6644-1536x1536.jpg 1536w, http:\/\/riccardowebdesign.it\/OPHELIA\/wp-content\/uploads\/2025\/09\/IMG_6644-2048x2048.jpg 2048w\" sizes=\"auto, (max-width: 2560px) 100vw, 2560px\" \/> <img loading=\"lazy\" decoding=\"async\" class=\"alignnone size-full wp-image-449\" src=\"http:\/\/riccardowebdesign.it\/OPHELIA\/wp-content\/uploads\/2025\/09\/IMG_6643-scaled.jpg\" alt=\"\" width=\"2560\" height=\"2560\" srcset=\"http:\/\/riccardowebdesign.it\/OPHELIA\/wp-content\/uploads\/2025\/09\/IMG_6643-scaled.jpg 2560w, http:\/\/riccardowebdesign.it\/OPHELIA\/wp-content\/uploads\/2025\/09\/IMG_6643-scaled-450x450.jpg 450w, http:\/\/riccardowebdesign.it\/OPHELIA\/wp-content\/uploads\/2025\/09\/IMG_6643-scaled-100x100.jpg 100w, http:\/\/riccardowebdesign.it\/OPHELIA\/wp-content\/uploads\/2025\/09\/IMG_6643-scaled-900x900.jpg 900w, http:\/\/riccardowebdesign.it\/OPHELIA\/wp-content\/uploads\/2025\/09\/IMG_6643-300x300.jpg 300w, http:\/\/riccardowebdesign.it\/OPHELIA\/wp-content\/uploads\/2025\/09\/IMG_6643-1024x1024.jpg 1024w, http:\/\/riccardowebdesign.it\/OPHELIA\/wp-content\/uploads\/2025\/09\/IMG_6643-150x150.jpg 150w, http:\/\/riccardowebdesign.it\/OPHELIA\/wp-content\/uploads\/2025\/09\/IMG_6643-768x768.jpg 768w, http:\/\/riccardowebdesign.it\/OPHELIA\/wp-content\/uploads\/2025\/09\/IMG_6643-1536x1536.jpg 1536w, http:\/\/riccardowebdesign.it\/OPHELIA\/wp-content\/uploads\/2025\/09\/IMG_6643-2048x2048.jpg 2048w\" sizes=\"auto, (max-width: 2560px) 100vw, 2560px\" \/><\/p>\n<p data-start=\"927\" data-end=\"1190\"><strong data-start=\"930\" data-end=\"943\">Malachite<\/strong><br data-start=\"943\" data-end=\"946\" \/>Parole chiave: trasformazione \u2013 protezione \u2013 forza interiore<br data-start=\"1006\" data-end=\"1009\" \/>Nota per il suo colore intenso e le venature ipnotiche, la malachite \u00e8 considerata una pietra che aiuta a superare i cambiamenti e rafforzare la propria volont\u00e0.<br data-start=\"1170\" data-end=\"1173\" \/>\n<\/p>\n<p data-start=\"1192\" data-end=\"1470\"><strong data-start=\"1195\" data-end=\"1217\">Labradorite bianca<\/strong><br data-start=\"1217\" data-end=\"1220\" \/>Parole chiave: lucidit\u00e0 \u2013 intuizione \u2013 equilibrio<br data-start=\"1269\" data-end=\"1272\" \/>Questa variante della labradorite \u00e8 pi\u00f9 delicata, ma conserva la caratteristica iridescenza. \u00c8 apprezzata per il suo effetto calmante e per stimolare la chiarezza mentale.<\/p>\n<p data-start=\"1192\" data-end=\"1470\">\n<ul data-start=\"1507\" data-end=\"1859\">\n<li data-start=\"1507\" data-end=\"1570\">\n<p data-start=\"1509\" data-end=\"1570\">Filo di rame naturale anticato, lavorato interamente a mano<\/p>\n<\/li>\n<li data-start=\"1571\" data-end=\"1610\">\n<p data-start=\"1573\" data-end=\"1610\">Pietra centrale: malachite a goccia<\/p>\n<\/li>\n<li data-start=\"1611\" data-end=\"1659\">\n<p data-start=\"1613\" data-end=\"1659\">Sfere superiori: labradorite bianca a goccia<\/p>\n<\/li>\n<li data-start=\"1660\" data-end=\"1722\">\n<p data-start=\"1662\" data-end=\"1722\">Forma: struttura dinamica a gabbia aperta con linee fluide<\/p>\n<\/li>\n<li data-start=\"1723\" data-end=\"1765\">\n<p data-start=\"1725\" data-end=\"1765\">Cordino cerato con chiusura regolabile<\/p>\n<\/li>\n<li data-start=\"1766\" data-end=\"1796\">\n<p data-start=\"1768\" data-end=\"1796\">Nickel free e cruelty free<\/p>\n<\/li>\n<li data-start=\"1797\" data-end=\"1859\">\n<p data-start=\"1799\" data-end=\"1859\">Ogni pezzo \u00e8 unico<\/p>\n<\/li>\n<\/ul>\n<p>&nbsp;<\/p>\n<p>Un gioiello pensato per chi affronta momenti di passaggio e cerca un simbolo di stabilit\u00e0.<br data-start=\"2030\" data-end=\"2033\" \/>Il contrasto tra la forza visiva della malachite e la delicatezza della labradorite bianca lo rende ideale per chi desidera un equilibrio tra energia decisa e lucidit\u00e0 emotiva.<\/p>\n","protected":false},"excerpt":{"rendered":"<p>Un contrasto deciso tra verde profondo e riflessi cangianti, racchiuso in un intreccio dinamico di rame lavorato a mano. Sopra la malachite, una piccola goccia di Labradorite bianca aggiunge un tocco di luce delicata, con i suoi riflessi bluastri che emergono appena la luce la colpisce.<\/p>\n","protected":false},"featured_media":450,"comment_status":"open","ping_status":"closed","template":"","meta":[],"product_brand":[26],"product_cat":[19],"product_tag":[],"class_list":{"0":"post-475","1":"product","2":"type-product","3":"status-publish","4":"has-post-thumbnail","6":"product_brand-ophelias-gioielli","7":"product_cat-collane","9":"first","10":"instock","11":"sold-individually","12":"purchasable","13":"product-type-simple"},"aioseo_notices":[],"wcpa_form_fields":null,"_links":{"self":[{"href":"http:\/\/riccardowebdesign.it\/OPHELIA\/wp-json\/wp\/v2\/product\/475","targetHints":{"allow":["GET"]}}],"collection":[{"href":"http:\/\/riccardowebdesign.it\/OPHELIA\/wp-json\/wp\/v2\/product"}],"about":[{"href":"http:\/\/riccardowebdesign.it\/OPHELIA\/wp-json\/wp\/v2\/types\/product"}],"replies":[{"embeddable":true,"href":"http:\/\/riccardowebdesign.it\/OPHELIA\/wp-json\/wp\/v2\/comments?post=475"}],"wp:featuredmedia":[{"embeddable":true,"href":"http:\/\/riccardowebdesign.it\/OPHELIA\/wp-json\/wp\/v2\/media\/450"}],"wp:attachment":[{"href":"http:\/\/riccardowebdesign.it\/OPHELIA\/wp-json\/wp\/v2\/media?parent=475"}],"wp:term":[{"taxonomy":"product_brand","embeddable":true,"href":"http:\/\/riccardowebdesign.it\/OPHELIA\/wp-json\/wp\/v2\/product_brand?post=475"},{"taxonomy":"product_cat","embeddable":true,"href":"http:\/\/riccardowebdesign.it\/OPHELIA\/wp-json\/wp\/v2\/product_cat?post=475"},{"taxonomy":"product_tag","embeddable":true,"href":"http:\/\/riccardowebdesign.it\/OPHELIA\/wp-json\/wp\/v2\/product_tag?post=475"}],"curies":[{"name":"wp","href":"https:\/\/api.w.org\/{rel}","templated":true}]}}